Let v = -1412 - -886. Let t = -317 - v. What is the highest common factor of f and t?
19
Let o(g) = -22*g + 1. Let u be o(-2). Let f(b) = b**2 + 45*b + 509. Let l be f(-21). What is the greatest common divisor of l and u?
5
Let j = 98 + -86. Calculate the highest common factor of j and 192.
12
Let p be -5 + 22 + (-3 - -4). What is the greatest common divisor of 27 and p?
9
Suppose 3*d - 246 = 4*q + 29, 10 = -2*q. Let v = d + -17. Suppose s + 4*o - 76 = -3*s, 0 = 4*s - 4*o - v. What is the highest common factor of s and 45?
9
Let n = -495 + 895. Calculate the highest common factor of 80 and n.
80
Let r = 11 - 8. Suppose 0 = 2*i + 7*q - 2*q - 105, 5*i = -r*q + 215. Calculate the greatest common factor of i and 320.
40
Let j = 20 - 12. Let n(i) = i**3 - 7*i**2 - 4*i + 7. Let s be n(j). Suppose -2*q - s = -105. Calculate the greatest common factor of 22 and q.
11
Suppose -3*h + 54 = -12. Let a be 436/h + (-2)/(-11). Let k = a + -7. What is the highest common divisor of k and 26?
13
Suppose -c + 2*f + 43 = -14, 4*c + 4*f - 264 = 0. Let o be ((-27)/(-3))/((-2)/(-6)). Let g = -18 + o. What is the greatest common divisor of g and c?
9
Suppose 0*i - 4*i + 3*q + 28 = 0, q + 4 = 0. Suppose 0*h + 5*j = i*h - 16, 2*h - 14 = j. Calculate the highest common divisor of h and 9.
9
Let q be (-2)/4 - 151/(-2). Suppose 4*y - 5*c = y - 189, -c - 3 = 0. Let d = y + 118. What is the greatest common divisor of d and q?
25
Let z be (5 - (5 + -1)) + 1. What is the greatest common divisor of z and 32?
2
Let k be -6*(((-936)/(-16))/(-13) + 0). Let i(y) = y**3 - 8*y**2 + 2*y + 2. Let p be i(8). What is the highest common factor of p and k?
9
Let q = 16 + -5. Suppose 6*h + 5*t - 50 = h, 4*h = 4*t + 32. Let g be 12*2/10*165/h. Calculate the highest common divisor of q and g.
11
Suppose -c - 4*r = -r + 5, 0 = 2*c + r + 15. Let s be (140/(-6))/5*84/c. Calculate the greatest common factor of 14 and s.
7
Suppose -2*w + 3 = 3*y, -3*w - 6*y + 4*y = -12. Suppose -23 = -w*v + 25. Let x(k) = -3*k + 2. Let i be x(-2). Calculate the greatest common factor of i and v.
8
Let y be ((-152)/18)/(52/(-234)). Calculate the highest common divisor of 209 and y.
19
Let k be 4 + -7 + 0/3. Let a be 0/(k + 2 + 2) + 4. What is the greatest common factor of 1 and a?
1
Let s be (-22)/55 + 44/10. Suppose -2*j + 6 = -s*j. Let w = 6 + j. Calculate the highest common factor of 27 and w.
3
Suppose -4*m - 4*i + 20108 = 0, 4*i - 1 = -5. Calculate the greatest common divisor of m and 12.
12
Suppose -4*k + 616 = 4*b, 0*b - 5*k = 2*b - 308. Let o(r) = 3*r - 10. Let x be o(8). Calculate the greatest common factor of x and b.
14
Let a(q) = -q**3 + 22*q**2 - 25*q + 105. Let w be a(14). Calculate the greatest common divisor of 27 and w.
27
Suppose -3339*t - 453 = -3340*t. What is the highest common factor of 6 and t?
3
Let d(z) = z**3 - 3*z**2 - 5*z - 1. Let y be d(5). Let v = -86 - -88. Let f be -8*v/((-8)/30). Calculate the greatest common divisor of f and y.
12
Let f = -18 + 9. Let c be (f/(-6))/(6/40). What is the highest common divisor of c and 30?
10
Suppose -10*v - 9 + 29 = 0. What is the highest common divisor of 50 and v?
2
Let y be (-5)/5*360/(-4). Suppose 0 = m - 6*m + y. Let b = 43 - m. Calculate the highest common factor of b and 225.
25
Let j(b) = -4*b**2 - 28 + b**2 - b**2 - 21*b + 3*b**2. Let c be j(-19). Calculate the highest common factor of 90 and c.
10
Let o = 384 + -362. What is the greatest common factor of 77 and o?
11
Suppose 2*y + 3*y = -3*b + 49, -61 = -5*y + 3*b. What is the greatest common factor of 22 and y?
11
Suppose -7*l - 6*l = -104. Suppose 0 = 2*u - 5*y - 47, l*u - 39 = 4*u - y. Calculate the highest common divisor of 99 and u.
11
Suppose 0 = 17*b - 13*b - 144. Suppose -3*q + 5*v = 6, 2*v = -q + 3 - 5. Let m be (8/2)/q*-12. Calculate the greatest common factor of m and b.
12
Suppose 0 = -4*r + 9*r + 105. Let n = r - -70. Calculate the highest common divisor of 539 and n.
49
Let z = 5 + -3. Suppose -5 = x - z*x. Suppose 4*q - 60 = 2*a - 4*a, -145 = -3*a + 5*q. What is the greatest common divisor of x and a?
5
Let o be -9*20/(-450) + (-996)/(-10). Suppose 0*x = 5*x - 125. What is the greatest common factor of o and x?
25
Suppose -68*i + 673 + 1027 = 0. Let o(f) be the first derivative of -f**4/4 - f**3/3 + 10*f - 1. Let n be o(0). What is the highest common factor of n and i?
5
Suppose 3*g + c - 178 = -23, 6 = 3*c. Calculate the greatest common divisor of g and 1836.
51
Let q = 1 - -5. Suppose -q*i = -3*i - 48. Suppose -3*j + 238 + 95 = 3*x, -2*j = -4*x + 450. What is the greatest common factor of i and x?
16
Suppose -x + 0 = -2. Let d(y) = -4*y - 18. Let u be d(-9). What is the greatest common factor of u and x?
2
Let k(j) = j**2 - 14*j + 19. Let m be k(11). Let d(o) = o**2 + 13*o + 3. Let c be d(m). What is the highest common divisor of 187 and c?
17
Suppose -4*v + 68 = -108. Calculate the greatest common factor of 11 and v.
11
Let w = 234 + 200. What is the greatest common divisor of w and 124?
62
Let p be (0 - -1)/((-3)/(-6)). Let c be p/(((-4)/18)/(-1)). Let l be (24/(-32))/(30/16 - 2). What is the highest common divisor of c and l?
3
Let v(i) = -3*i + 6. Let s(z) = -9*z + 17. Let k(r) = 6*s(r) - 17*v(r). Let j be k(-5). Let u = 2635 + -2530. Calculate the highest common factor of u and j.
15
Let m(a) = -2*a**2 + 30*a - 41. Let t be m(6). Calculate the greatest common factor of 603 and t.
67
Let w(v) = v**2 - 4*v - 27. Let r be w(-6). What is the greatest common divisor of 77 and r?
11
Suppose i = -y + 8 + 9, 23 = i + 4*y. Suppose 4*t = 4, -4*j - 12 = -5*t - 67. Calculate the greatest common divisor of i and j.
15
Suppose -22*a + 272 = 4*p - 23*a, -4*a = -16. What is the greatest common factor of 943 and p?
23
Let h(p) = -13*p - 28. Let o be h(-3). Let s = 2 + 3. Suppose -3*g = s*c - 12 - 31, 0 = -g - 5*c + 21. Calculate the greatest common factor of o and g.
11
Let t(n) = 2*n - 5. Let q be t(10). Suppose -95 + q = -8*y. Calculate the highest common factor of 90 and y.
10
Suppose -6*b + b = -75. Let g(q) = 7*q - 146. Let o be g(23). Calculate the highest common divisor of o and b.
15
Suppose -761*r = -763*r + 1314. What is the highest common divisor of 9 and r?
9
Let n = -20 - -36. Let x(m) = m. Let q be x(2). Suppose 0 = -5*h - 10, -q*h = -3*d + 2*h + 392. What is the greatest common factor of d and n?
16
Let b = -8 - -62. What is the highest common factor of 2 and b?
2
Suppose 2*o + 3*o - 75 = 0. Let v(a) = -a + 6. Let i be v(4). Suppose -i*u = -n - 4*n - 235, -3*u - 5*n = -290. Calculate the greatest common factor of o and u.
15
Suppose -16 = -w + 47. What is the greatest common factor of 672 and w?
21
Let a be (-76)/(-95) + (-1)/(-5). Calculate the greatest common divisor of 9 and a.
1
Let m be (-16)/(-6) + 5/15 - 15. Let a(l) = l**2 + 8*l + 15. Let z be a(m). What is the greatest common factor of 21 and z?
21
Let w be (5/(-10))/((-2)/28). Let h = w - -9. What is the highest common factor of 24 and h?
8
Let a = 3 + 1. Let b = 35 - -1. Suppose -3*x + h = -34, -2*h = 4*x - h - b. What is the highest common factor of a and x?
2
Suppose -8*j + j + 385 = 0. Let w = j - 7. What is the greatest common divisor of w and 12?
12
Let z(n) = -3*n**3 - 30*n**2 - 92*n. Let s be z(-10). What is the greatest common divisor of 345 and s?
115
Let n be (19 - (-2 - 2)) + -5. Let v(p) = -p - 1. Let x be v(-4). Let m be 2 - (2 + x*-2). What is the greatest common factor of n and m?
6
Let n = 2451 + -1580. Calculate the highest common factor of n and 13.
13
Let x be ((-3)/5)/(11/(-10) - -1). Calculate the greatest common divisor of x and 9.
3
Let q be 2*(2/(-1) - -1). Let i be 2/4*q - -10. Suppose 0*b + 136 = 5*b + v, -3*b + 4*v + 77 = 0. What is the greatest common factor of i and b?
9
Let i be -1 + 22/(-2 + 4). Let s be 0/(3 - (0 - -2)). Suppose 0 = -g + 4*c - s - 2, 3*c - 7 = -2*g. What is the greatest common divisor of i and g?
2
Let m = 514 - 332. Let i = 362 - m. What is the greatest common factor of 20 and i?
20
Let f be 12/10*25*(-65)/(-75). Calculate the greatest common divisor of 65 and f.
13
Let x = 329 + -215. Suppose -3*y + 129 = -3*k - x, 5*k = 2*y - 153. Let v = 48 + y. Calculate the greatest common factor of v and 33.
33
Suppose 8*m - 49 = -17. Suppose -m*f = f - 10. Calculat